{"id":10177,"date":"2026-02-16T11:26:23","date_gmt":"2026-02-16T10:26:23","guid":{"rendered":"https:\/\/www.imbe.fr\/?post_type=tribe_events&#038;p=10177"},"modified":"2026-02-16T12:21:46","modified_gmt":"2026-02-16T11:21:46","slug":"cycle-de-conferences-midisciences-emma-leone-une-contamination-ancree-dans-le-temps-78-ans-de-pollution-apres-le-brulage-de-munition-dans-un-espace-naturel-protege","status":"publish","type":"tribe_events","link":"https:\/\/www.imbe.fr\/en\/evenement\/cycle-de-conferences-midisciences-emma-leone-une-contamination-ancree-dans-le-temps-78-ans-de-pollution-apres-le-brulage-de-munition-dans-un-espace-naturel-protege\/","title":{"rendered":"Midisciences lecture series - Emma Leone: \u201cA contamination rooted in time, 78 years of pollution after the burning of munitions in a protected natural area\u201d.\u201d"},"content":{"rendered":"<p>As part of the lecture series <em><a href=\"https:\/\/univ-avignon.fr\/recherche\/les-rendez-vous-de-la-culture-scientifique\/midisciences-2\/\" target=\"_blank\" rel=\"noopener\">Midisciences<\/a>, <\/em><strong><a href=\"https:\/\/www.imbe.fr\/en\/annuaire\/emma-leone\/\">Emma L\u00e9one<\/a>, <\/strong>PhD student in 2\u1d49 year in the team <a href=\"https:\/\/www.imbe.fr\/en\/ecologie-ecotoxicologie-chimie-appliquees-a-lagroecologie-et-a-la-restauration\/\">EECAR-IMBE<\/a><strong>, <\/strong><a href=\"https:\/\/univ-avignon.fr\/evenement\/midisciences-2026-9-avril-emma-leone-une-contamination-ancree-dans-le-temps-78-ans-de-pollution-apres-le-brulage-de-munition-dans-un-espace-naturel-protege\/\" target=\"_blank\" rel=\"noopener\">present his research on the soil of the Crau plain (south of Provence-Alpes-C\u00f4te d'Azur) contaminated by metals from the burning of munitions from the Second World War<\/a>.<\/p>\n<p>75 years on, some of these soils are still devoid of life, and pollutants are changing their properties and impacting biodiversity. <em>Brachypodium retusum<\/em> shows the potential for stabilising metals, opening the way to strategies for <strong data-start=\"1007\" data-end=\"1027\">phytoremediation<\/strong> and guiding the actions of <strong data-start=\"1054\" data-end=\"1097\">renaturation and pollution management<\/strong>.<\/p>\n<p>Contact: thierry.dutoit@imbe.fr<\/p>","protected":false},"excerpt":{"rendered":"<p>Dans le cadre du cycle de conf\u00e9rences Midisciences, Emma L\u00e9one, doctorante en 2\u1d49 ann\u00e9e dans l&#8217;\u00e9quipe EECAR-IMBE, pr\u00e9sentera ses recherches sur les sols de la plaine de la Crau (Sud-PACA) [&hellip;]<\/p>\n","protected":false},"author":300,"featured_media":10192,"template":"","meta":{"_acf_changed":false,"_tribe_events_status":"","_tribe_events_status_reason":"","footnotes":""},"tags":[],"tribe_events_cat":[26],"class_list":["post-10177","tribe_events","type-tribe_events","status-publish","has-post-thumbnail","hentry","tribe_events_cat-conference","cat_conference"],"acf":[],"_links":{"self":[{"href":"https:\/\/www.imbe.fr\/en\/wp-json\/wp\/v2\/tribe_events\/10177","targetHints":{"allow":["GET"]}}],"collection":[{"href":"https:\/\/www.imbe.fr\/en\/wp-json\/wp\/v2\/tribe_events"}],"about":[{"href":"https:\/\/www.imbe.fr\/en\/wp-json\/wp\/v2\/types\/tribe_events"}],"author":[{"embeddable":true,"href":"https:\/\/www.imbe.fr\/en\/wp-json\/wp\/v2\/users\/300"}],"version-history":[{"count":4,"href":"https:\/\/www.imbe.fr\/en\/wp-json\/wp\/v2\/tribe_events\/10177\/revisions"}],"predecessor-version":[{"id":10181,"href":"https:\/\/www.imbe.fr\/en\/wp-json\/wp\/v2\/tribe_events\/10177\/revisions\/10181"}],"wp:featuredmedia":[{"embeddable":true,"href":"https:\/\/www.imbe.fr\/en\/wp-json\/wp\/v2\/media\/10192"}],"wp:attachment":[{"href":"https:\/\/www.imbe.fr\/en\/wp-json\/wp\/v2\/media?parent=10177"}],"wp:term":[{"taxonomy":"post_tag","embeddable":true,"href":"https:\/\/www.imbe.fr\/en\/wp-json\/wp\/v2\/tags?post=10177"},{"taxonomy":"tribe_events_cat","embeddable":true,"href":"https:\/\/www.imbe.fr\/en\/wp-json\/wp\/v2\/tribe_events_cat?post=10177"}],"curies":[{"name":"wp","href":"https:\/\/api.w.org\/{rel}","templated":true}]}}

<p>As part of the lecture series <em><a href="https://univ-avignon.fr/recherche/les-rendez-vous-de-la-culture-scientifique/midisciences-2/" target="_blank" rel="noopener">Midisciences</a>, </em><strong><a href="https://www.imbe.fr/en/annuaire/emma-leone/">Emma Léone</a>, </strong>PhD student in 2ᵉ year in the team <a href="https://www.imbe.fr/en/ecologie-ecotoxicologie-chimie-appliquees-a-lagroecologie-et-a-la-restauration/">EECAR-IMBE</a><strong>, </strong><a href="https://univ-avignon.fr/evenement/midisciences-2026-9-avril-emma-leone-une-contamination-ancree-dans-le-temps-78-ans-de-pollution-apres-le-brulage-de-munition-dans-un-espace-naturel-protege/" target="_blank" rel="noopener">present his research on the soil of the Crau plain (south of Provence-Alpes-Côte d'Azur) contaminated by metals from the burning of munitions from the Second World War</a>.</p>
<p>75 years on, some of these soils are still devoid of life, and pollutants are changing their properties and impacting biodiversity. <em>Brachypodium retusum</em> shows the potential for stabilising metals, opening the way to strategies for <strong data-start="1007" data-end="1027">phytoremediation</strong> and guiding the actions of <strong data-start="1054" data-end="1097">renaturation and pollution management</strong>.</p>
<p>Contact: thierry.dutoit@imbe.fr</p>

<p>Dans le cadre du cycle de conférences Midisciences, Emma Léone, doctorante en 2ᵉ année dans l&#8217;équipe EECAR-IMBE, présentera ses recherches sur les sols de la plaine de la Crau (Sud-PACA) [&hellip;]</p>
