{"id":10177,"date":"2026-02-16T11:26:23","date_gmt":"2026-02-16T10:26:23","guid":{"rendered":"https:\/\/www.imbe.fr\/?post_type=tribe_events&#038;p=10177"},"modified":"2026-02-16T12:21:46","modified_gmt":"2026-02-16T11:21:46","slug":"cycle-de-conferences-midisciences-emma-leone-une-contamination-ancree-dans-le-temps-78-ans-de-pollution-apres-le-brulage-de-munition-dans-un-espace-naturel-protege","status":"publish","type":"tribe_events","link":"https:\/\/www.imbe.fr\/fr\/evenement\/cycle-de-conferences-midisciences-emma-leone-une-contamination-ancree-dans-le-temps-78-ans-de-pollution-apres-le-brulage-de-munition-dans-un-espace-naturel-protege\/","title":{"rendered":"Cycle de conf\u00e9rences Midisciences &#8211; Emma Leone : &#8220;Une contamination ancr\u00e9e dans le temps, 78 ans de pollution apr\u00e8s le brulage de munition dans un espace naturel prot\u00e9g\u00e9&#8221;"},"content":{"rendered":"<p>Dans le cadre du cycle de conf\u00e9rences <em><a href=\"https:\/\/univ-avignon.fr\/recherche\/les-rendez-vous-de-la-culture-scientifique\/midisciences-2\/\" target=\"_blank\" rel=\"noopener\">Midisciences<\/a>, <\/em><strong><a href=\"https:\/\/www.imbe.fr\/fr\/annuaire\/emma-leone\/\">Emma L\u00e9one<\/a>, <\/strong>doctorante en 2\u1d49 ann\u00e9e dans l&#8217;\u00e9quipe <a href=\"https:\/\/www.imbe.fr\/fr\/ecologie-ecotoxicologie-chimie-appliquees-a-lagroecologie-et-a-la-restauration\/\">EECAR-IMBE<\/a><strong>, <\/strong><a href=\"https:\/\/univ-avignon.fr\/evenement\/midisciences-2026-9-avril-emma-leone-une-contamination-ancree-dans-le-temps-78-ans-de-pollution-apres-le-brulage-de-munition-dans-un-espace-naturel-protege\/\" target=\"_blank\" rel=\"noopener\">pr\u00e9sentera ses recherches sur les sols de la plaine de la Crau (Sud-PACA) contamin\u00e9s par les m\u00e9taux issus du br\u00fblage de munitions de la Seconde Guerre mondiale<\/a>.<\/p>\n<p>75 ans apr\u00e8s, ces sols restent partiellement d\u00e9pourvus de vie, et les polluants modifient les propri\u00e9t\u00e9s et impactent la biodiversit\u00e9. <em>Brachypodium retusum<\/em> montre un potentiel de stabilisation des m\u00e9taux, ouvrant la voie \u00e0 des strat\u00e9gies de <strong data-start=\"1007\" data-end=\"1027\">phytorem\u00e9diation<\/strong> et guidant les actions de <strong data-start=\"1054\" data-end=\"1097\">renaturation et gestion de la pollution<\/strong>.<\/p>\n<p>Contact : thierry.dutoit@imbe.fr<\/p>\n","protected":false},"excerpt":{"rendered":"<p>Dans le cadre du cycle de conf\u00e9rences Midisciences, Emma L\u00e9one, doctorante en 2\u1d49 ann\u00e9e dans l&#8217;\u00e9quipe EECAR-IMBE, pr\u00e9sentera ses recherches sur les sols de la plaine de la Crau (Sud-PACA) [&hellip;]<\/p>\n","protected":false},"author":300,"featured_media":10192,"template":"","meta":{"_acf_changed":false,"_tribe_events_status":"","_tribe_events_status_reason":"","footnotes":""},"tags":[],"tribe_events_cat":[26],"class_list":["post-10177","tribe_events","type-tribe_events","status-publish","has-post-thumbnail","hentry","tribe_events_cat-conference","cat_conference"],"acf":[],"_links":{"self":[{"href":"https:\/\/www.imbe.fr\/fr\/wp-json\/wp\/v2\/tribe_events\/10177","targetHints":{"allow":["GET"]}}],"collection":[{"href":"https:\/\/www.imbe.fr\/fr\/wp-json\/wp\/v2\/tribe_events"}],"about":[{"href":"https:\/\/www.imbe.fr\/fr\/wp-json\/wp\/v2\/types\/tribe_events"}],"author":[{"embeddable":true,"href":"https:\/\/www.imbe.fr\/fr\/wp-json\/wp\/v2\/users\/300"}],"version-history":[{"count":4,"href":"https:\/\/www.imbe.fr\/fr\/wp-json\/wp\/v2\/tribe_events\/10177\/revisions"}],"predecessor-version":[{"id":10181,"href":"https:\/\/www.imbe.fr\/fr\/wp-json\/wp\/v2\/tribe_events\/10177\/revisions\/10181"}],"wp:featuredmedia":[{"embeddable":true,"href":"https:\/\/www.imbe.fr\/fr\/wp-json\/wp\/v2\/media\/10192"}],"wp:attachment":[{"href":"https:\/\/www.imbe.fr\/fr\/wp-json\/wp\/v2\/media?parent=10177"}],"wp:term":[{"taxonomy":"post_tag","embeddable":true,"href":"https:\/\/www.imbe.fr\/fr\/wp-json\/wp\/v2\/tags?post=10177"},{"taxonomy":"tribe_events_cat","embeddable":true,"href":"https:\/\/www.imbe.fr\/fr\/wp-json\/wp\/v2\/tribe_events_cat?post=10177"}],"curies":[{"name":"wp","href":"https:\/\/api.w.org\/{rel}","templated":true}]}}

Cycle de conférences Midisciences &#8211; Emma Leone : &#8220;Une contamination ancrée dans le temps, 78 ans de pollution après le brulage de munition dans un espace naturel protégé&#8221;

<p>Dans le cadre du cycle de conférences <em><a href="https://univ-avignon.fr/recherche/les-rendez-vous-de-la-culture-scientifique/midisciences-2/" target="_blank" rel="noopener">Midisciences</a>, </em><strong><a href="https://www.imbe.fr/fr/annuaire/emma-leone/">Emma Léone</a>, </strong>doctorante en 2ᵉ année dans l&#8217;équipe <a href="https://www.imbe.fr/fr/ecologie-ecotoxicologie-chimie-appliquees-a-lagroecologie-et-a-la-restauration/">EECAR-IMBE</a><strong>, </strong><a href="https://univ-avignon.fr/evenement/midisciences-2026-9-avril-emma-leone-une-contamination-ancree-dans-le-temps-78-ans-de-pollution-apres-le-brulage-de-munition-dans-un-espace-naturel-protege/" target="_blank" rel="noopener">présentera ses recherches sur les sols de la plaine de la Crau (Sud-PACA) contaminés par les métaux issus du brûlage de munitions de la Seconde Guerre mondiale</a>.</p>
<p>75 ans après, ces sols restent partiellement dépourvus de vie, et les polluants modifient les propriétés et impactent la biodiversité. <em>Brachypodium retusum</em> montre un potentiel de stabilisation des métaux, ouvrant la voie à des stratégies de <strong data-start="1007" data-end="1027">phytoremédiation</strong> et guidant les actions de <strong data-start="1054" data-end="1097">renaturation et gestion de la pollution</strong>.</p>
<p>Contact : thierry.dutoit@imbe.fr</p>

<p>Dans le cadre du cycle de conférences Midisciences, Emma Léone, doctorante en 2ᵉ année dans l&#8217;équipe EECAR-IMBE, présentera ses recherches sur les sols de la plaine de la Crau (Sud-PACA) [&hellip;]</p>
