{"id":12293,"date":"2026-08-31T14:27:38","date_gmt":"2026-08-31T12:27:38","guid":{"rendered":"https:\/\/www.imbe.fr\/?post_type=tribe_events&#038;p=12293"},"modified":"2026-08-31T14:27:38","modified_gmt":"2026-08-31T12:27:38","slug":"etienne-dambrine-conference-gesticulee-un-seul-secret-un-sol-se-cree","status":"publish","type":"tribe_events","link":"https:\/\/www.imbe.fr\/fr\/evenement\/etienne-dambrine-conference-gesticulee-un-seul-secret-un-sol-se-cree\/","title":{"rendered":"\u00c9tienne Dambrine  : conf\u00e9rence gesticul\u00e9e \u00ab UN SEUL SECRET, UN SOL SE CR\u00c9E \u00bb"},"content":{"rendered":"<p class=\"isSelectedEnd\">Cette ann\u00e9e, les \u00ab <a href=\"https:\/\/tv.imbe.fr\/les-mercredis-dendoume-2\/\" target=\"_blank\" rel=\"noopener\">Mercredis d\u2019Endoume<\/a> \u00bb f\u00eatent leurs <strong>10 ans<\/strong> ! \ud83c\udf89<\/p>\n<p class=\"isSelectedEnd\">Dix ans de rencontres, de d\u00e9couvertes et de partage, \u00e7a se f\u00eate !<\/p>\n<p class=\"isSelectedEnd\">Pour cette soir\u00e9e anniversaire, nous aurons le plaisir d\u2019accueillir <strong>\u00c9tienne Dambrine<\/strong> pour une <strong>conf\u00e9rence gesticul\u00e9e<\/strong> : <strong>\u00ab UN SEUL SECRET, UN SOL SE CR\u00c9E \u00bb<\/strong><\/p>\n<p class=\"isSelectedEnd\">Scientifique sp\u00e9cialiste des sols, mais aussi musicien et com\u00e9dien, \u00c9tienne Dambrine nous proposera une <strong>exploration originale \u00e0 la crois\u00e9e de la science, de la musique et du th\u00e9\u00e2tre<\/strong>.<\/p>\n<p class=\"isSelectedEnd\">La conf\u00e9rence sera suivie d\u2019un <strong>ap\u00e9ritif d\u00eenatoire<\/strong>, pour prolonger la soir\u00e9e ensemble.<\/p>\n<p class=\"isSelectedEnd\">Cet \u00e9v\u00e8nement sera accessible d\u00e8s 19h <strong>en pr\u00e9sentiel<\/strong> \u00e0 la Station Marine d&#8217;Endoume <strong>sur r\u00e9servation<\/strong> soit <strong>en direct<\/strong> sur https:\/\/tv.imbe.fr\/les-mercredis-dendoume-2\/<\/p>\n<p class=\"isSelectedEnd\"><strong>Nous serions vraiment tr\u00e8s heureux de vous retrouver \u00e0 cette occasion et de f\u00eater avec vous ces 10 ann\u00e9es des Mercredis d\u2019Endoume !<\/strong><\/p>\n","protected":false},"excerpt":{"rendered":"<p>Cette ann\u00e9e, les \u00ab Mercredis d\u2019Endoume \u00bb f\u00eatent leurs 10 ans ! \ud83c\udf89 Dix ans de rencontres, de d\u00e9couvertes et de partage, \u00e7a se f\u00eate ! Pour cette soir\u00e9e anniversaire, [&hellip;]<\/p>\n","protected":false},"author":300,"featured_media":12294,"template":"","meta":{"_acf_changed":false,"_tribe_events_status":"","_tribe_events_status_reason":"","footnotes":""},"tags":[],"tribe_events_cat":[32],"class_list":["post-12293","tribe_events","type-tribe_events","status-publish","has-post-thumbnail","hentry","tribe_events_cat-les-mercredis-dendoume","cat_les-mercredis-dendoume"],"acf":[],"_links":{"self":[{"href":"https:\/\/www.imbe.fr\/fr\/wp-json\/wp\/v2\/tribe_events\/12293","targetHints":{"allow":["GET"]}}],"collection":[{"href":"https:\/\/www.imbe.fr\/fr\/wp-json\/wp\/v2\/tribe_events"}],"about":[{"href":"https:\/\/www.imbe.fr\/fr\/wp-json\/wp\/v2\/types\/tribe_events"}],"author":[{"embeddable":true,"href":"https:\/\/www.imbe.fr\/fr\/wp-json\/wp\/v2\/users\/300"}],"version-history":[{"count":1,"href":"https:\/\/www.imbe.fr\/fr\/wp-json\/wp\/v2\/tribe_events\/12293\/revisions"}],"predecessor-version":[{"id":12295,"href":"https:\/\/www.imbe.fr\/fr\/wp-json\/wp\/v2\/tribe_events\/12293\/revisions\/12295"}],"wp:featuredmedia":[{"embeddable":true,"href":"https:\/\/www.imbe.fr\/fr\/wp-json\/wp\/v2\/media\/12294"}],"wp:attachment":[{"href":"https:\/\/www.imbe.fr\/fr\/wp-json\/wp\/v2\/media?parent=12293"}],"wp:term":[{"taxonomy":"post_tag","embeddable":true,"href":"https:\/\/www.imbe.fr\/fr\/wp-json\/wp\/v2\/tags?post=12293"},{"taxonomy":"tribe_events_cat","embeddable":true,"href":"https:\/\/www.imbe.fr\/fr\/wp-json\/wp\/v2\/tribe_events_cat?post=12293"}],"curies":[{"name":"wp","href":"https:\/\/api.w.org\/{rel}","templated":true}]}}

Étienne Dambrine  : conférence gesticulée « UN SEUL SECRET, UN SOL SE CRÉE »

<p class="isSelectedEnd">Cette année, les « <a href="https://tv.imbe.fr/les-mercredis-dendoume-2/" target="_blank" rel="noopener">Mercredis d’Endoume</a> » fêtent leurs <strong>10 ans</strong> ! 🎉</p>
<p class="isSelectedEnd">Dix ans de rencontres, de découvertes et de partage, ça se fête !</p>
<p class="isSelectedEnd">Pour cette soirée anniversaire, nous aurons le plaisir d’accueillir <strong>Étienne Dambrine</strong> pour une <strong>conférence gesticulée</strong> : <strong>« UN SEUL SECRET, UN SOL SE CRÉE »</strong></p>
<p class="isSelectedEnd">Scientifique spécialiste des sols, mais aussi musicien et comédien, Étienne Dambrine nous proposera une <strong>exploration originale à la croisée de la science, de la musique et du théâtre</strong>.</p>
<p class="isSelectedEnd">La conférence sera suivie d’un <strong>apéritif dînatoire</strong>, pour prolonger la soirée ensemble.</p>
<p class="isSelectedEnd">Cet évènement sera accessible dès 19h <strong>en présentiel</strong> à la Station Marine d&#8217;Endoume <strong>sur réservation</strong> soit <strong>en direct</strong> sur https://tv.imbe.fr/les-mercredis-dendoume-2/</p>
<p class="isSelectedEnd"><strong>Nous serions vraiment très heureux de vous retrouver à cette occasion et de fêter avec vous ces 10 années des Mercredis d’Endoume !</strong></p>

<p>Cette année, les « Mercredis d’Endoume » fêtent leurs 10 ans ! 🎉 Dix ans de rencontres, de découvertes et de partage, ça se fête ! Pour cette soirée anniversaire, [&hellip;]</p>
