{"id":8595,"date":"2025-03-12T14:42:41","date_gmt":"2025-03-12T13:42:41","guid":{"rendered":"https:\/\/www.imbe.fr\/?post_type=tribe_events&#038;p=8595"},"modified":"2025-03-13T09:45:41","modified_gmt":"2025-03-13T08:45:41","slug":"clementine-mutillot-de-la-france-a-la-mongolie-retour-du-cheval-de-przewalski-et-ses-effets-sur-la-steppe","status":"publish","type":"tribe_events","link":"https:\/\/www.imbe.fr\/fr\/evenement\/clementine-mutillot-de-la-france-a-la-mongolie-retour-du-cheval-de-przewalski-et-ses-effets-sur-la-steppe\/","title":{"rendered":"Cl\u00e9mentine Mutillod : &#8220;De la France \u00e0 la Mongolie, retour du cheval de Przewalski et ses effets sur la steppe&#8221;"},"content":{"rendered":"<p><img fetchpriority=\"high\" decoding=\"async\" class=\"alignnone size-medium wp-image-8643\" src=\"https:\/\/www.imbe.fr\/wp-content\/uploads\/2025\/03\/202501-conf_endoume-1920x1080-ss_txt-300x169.jpeg\" alt=\"\" width=\"300\" height=\"169\" srcset=\"https:\/\/www.imbe.fr\/wp-content\/uploads\/2025\/03\/202501-conf_endoume-1920x1080-ss_txt-300x169.jpeg 300w, https:\/\/www.imbe.fr\/wp-content\/uploads\/2025\/03\/202501-conf_endoume-1920x1080-ss_txt-1024x576.jpeg 1024w, https:\/\/www.imbe.fr\/wp-content\/uploads\/2025\/03\/202501-conf_endoume-1920x1080-ss_txt-768x432.jpeg 768w, https:\/\/www.imbe.fr\/wp-content\/uploads\/2025\/03\/202501-conf_endoume-1920x1080-ss_txt-1536x864.jpeg 1536w, https:\/\/www.imbe.fr\/wp-content\/uploads\/2025\/03\/202501-conf_endoume-1920x1080-ss_txt-18x10.jpeg 18w, https:\/\/www.imbe.fr\/wp-content\/uploads\/2025\/03\/202501-conf_endoume-1920x1080-ss_txt-1320x743.jpeg 1320w, https:\/\/www.imbe.fr\/wp-content\/uploads\/2025\/03\/202501-conf_endoume-1920x1080-ss_txt.jpeg 1920w\" sizes=\"(max-width: 300px) 100vw, 300px\" \/><\/p>\n<p>Dans le cadre des conf\u00e9rences grand public des Mercredis d&#8217;Endoume,<strong> Cl\u00e9mentine Mutillod, <\/strong>Attach\u00e9e Temporaire d&#8217;Enseignement et de Recherche Avignon Universit\u00e9 \u00e0 l&#8217;IMBE nous propose une conf\u00e9rence intitul\u00e9e &#8220;<b>De la France \u00e0 la Mongolie, retour du cheval de Przewalski et ses effets sur la steppe<\/b><b>&#8220;<\/b> <strong>en pr\u00e9sentiel \u00e0 la Station Marine d&#8217;Endoume ou en <a href=\"https:\/\/tv.imbe.fr\/?page_id=1486\" target=\"_blank\" rel=\"noopener\">direct.<\/a><br \/>\n<\/strong><\/p>\n<p>R\u00e9sum\u00e9 de la conf\u00e9rence :<\/p>\n<p>Des chevaux de Przewalski \u2013 consid\u00e9r\u00e9s comme les derniers chevaux sauvages au monde \u2013 ont \u00e9t\u00e9 r\u00e9introduits en 2004 et 2005 au sein d\u2019une r\u00e9serve close de 14 000ha dans leur aire originelle, les steppes d\u2019Asie centrale. A la suite d\u2019un premier suivi de la flore \u00e0 l\u2019int\u00e9rieur et \u00e0 l\u2019ext\u00e9rieur de cette r\u00e9serve en 2010, une deuxi\u00e8me campagne de terrain a pu \u00eatre r\u00e9alis\u00e9e en 2023 gr\u00e2ce \u00e0 Avignon Universit\u00e9, la Soci\u00e9t\u00e9 Fran\u00e7aise d\u2019\u00c9cologie et d\u2019\u00c9volution, l\u2019association Khomyn Talyn Takhi et l\u2019Association Takh. Retour sur les deux mois pass\u00e9s dans la steppe, entre relev\u00e9s scientifiques, d\u00e9couvertes naturalistes et culturelles.<\/p>\n","protected":false},"excerpt":{"rendered":"<p>Dans le cadre des conf\u00e9rences grand public des Mercredis d&#8217;Endoume, Cl\u00e9mentine Mutillod, Attach\u00e9e Temporaire d&#8217;Enseignement et de Recherche Avignon Universit\u00e9 \u00e0 l&#8217;IMBE nous propose une conf\u00e9rence intitul\u00e9e &#8220;De la France [&hellip;]<\/p>\n","protected":false},"author":300,"featured_media":0,"template":"","meta":{"_acf_changed":false,"_tribe_events_status":"","_tribe_events_status_reason":"","footnotes":""},"tags":[],"tribe_events_cat":[32],"class_list":["post-8595","tribe_events","type-tribe_events","status-publish","hentry","tribe_events_cat-les-mercredis-dendoume","cat_les-mercredis-dendoume"],"acf":[],"_links":{"self":[{"href":"https:\/\/www.imbe.fr\/fr\/wp-json\/wp\/v2\/tribe_events\/8595","targetHints":{"allow":["GET"]}}],"collection":[{"href":"https:\/\/www.imbe.fr\/fr\/wp-json\/wp\/v2\/tribe_events"}],"about":[{"href":"https:\/\/www.imbe.fr\/fr\/wp-json\/wp\/v2\/types\/tribe_events"}],"author":[{"embeddable":true,"href":"https:\/\/www.imbe.fr\/fr\/wp-json\/wp\/v2\/users\/300"}],"version-history":[{"count":12,"href":"https:\/\/www.imbe.fr\/fr\/wp-json\/wp\/v2\/tribe_events\/8595\/revisions"}],"predecessor-version":[{"id":8644,"href":"https:\/\/www.imbe.fr\/fr\/wp-json\/wp\/v2\/tribe_events\/8595\/revisions\/8644"}],"wp:attachment":[{"href":"https:\/\/www.imbe.fr\/fr\/wp-json\/wp\/v2\/media?parent=8595"}],"wp:term":[{"taxonomy":"post_tag","embeddable":true,"href":"https:\/\/www.imbe.fr\/fr\/wp-json\/wp\/v2\/tags?post=8595"},{"taxonomy":"tribe_events_cat","embeddable":true,"href":"https:\/\/www.imbe.fr\/fr\/wp-json\/wp\/v2\/tribe_events_cat?post=8595"}],"curies":[{"name":"wp","href":"https:\/\/api.w.org\/{rel}","templated":true}]}}

Clémentine Mutillod : &#8220;De la France à la Mongolie, retour du cheval de Przewalski et ses effets sur la steppe&#8221;

<p><img fetchpriority="high" decoding="async" class="alignnone size-medium wp-image-8643" src="https://www.imbe.fr/wp-content/uploads/2025/03/202501-conf_endoume-1920x1080-ss_txt-300x169.jpeg" alt="" width="300" height="169" srcset="https://www.imbe.fr/wp-content/uploads/2025/03/202501-conf_endoume-1920x1080-ss_txt-300x169.jpeg 300w, https://www.imbe.fr/wp-content/uploads/2025/03/202501-conf_endoume-1920x1080-ss_txt-1024x576.jpeg 1024w, https://www.imbe.fr/wp-content/uploads/2025/03/202501-conf_endoume-1920x1080-ss_txt-768x432.jpeg 768w, https://www.imbe.fr/wp-content/uploads/2025/03/202501-conf_endoume-1920x1080-ss_txt-1536x864.jpeg 1536w, https://www.imbe.fr/wp-content/uploads/2025/03/202501-conf_endoume-1920x1080-ss_txt-18x10.jpeg 18w, https://www.imbe.fr/wp-content/uploads/2025/03/202501-conf_endoume-1920x1080-ss_txt-1320x743.jpeg 1320w, https://www.imbe.fr/wp-content/uploads/2025/03/202501-conf_endoume-1920x1080-ss_txt.jpeg 1920w" sizes="(max-width: 300px) 100vw, 300px" /></p>
<p>Dans le cadre des conférences grand public des Mercredis d&#8217;Endoume,<strong> Clémentine Mutillod, </strong>Attachée Temporaire d&#8217;Enseignement et de Recherche Avignon Université à l&#8217;IMBE nous propose une conférence intitulée &#8220;<b>De la France à la Mongolie, retour du cheval de Przewalski et ses effets sur la steppe</b><b>&#8220;</b> <strong>en présentiel à la Station Marine d&#8217;Endoume ou en <a href="https://tv.imbe.fr/?page_id=1486" target="_blank" rel="noopener">direct.</a><br />
</strong></p>
<p>Résumé de la conférence :</p>
<p>Des chevaux de Przewalski – considérés comme les derniers chevaux sauvages au monde – ont été réintroduits en 2004 et 2005 au sein d’une réserve close de 14 000ha dans leur aire originelle, les steppes d’Asie centrale. A la suite d’un premier suivi de la flore à l’intérieur et à l’extérieur de cette réserve en 2010, une deuxième campagne de terrain a pu être réalisée en 2023 grâce à Avignon Université, la Société Française d’Écologie et d’Évolution, l’association Khomyn Talyn Takhi et l’Association Takh. Retour sur les deux mois passés dans la steppe, entre relevés scientifiques, découvertes naturalistes et culturelles.</p>

<p>Dans le cadre des conférences grand public des Mercredis d&#8217;Endoume, Clémentine Mutillod, Attachée Temporaire d&#8217;Enseignement et de Recherche Avignon Université à l&#8217;IMBE nous propose une conférence intitulée &#8220;De la France [&hellip;]</p>
